d derivative of g**4/2 - g**3/3 - 3*g**2. What are the prime factors of w(2)?
2, 11
Let j(v) = -v**2 - 16*v - 17. Suppose 2*d = -5*h - 33, -h + 67 - 12 = -4*d. What are the prime factors of j(d)?
11
Suppose -54 - 26 = -4*g. Suppose 0 = 5*w + 5*m - 100, 2*m + g = 2*w - m. What are the prime factors of w?
2
Suppose -4*w = -4*k + 120, -114 = -6*k + k - 4*w. Let i = -9 + k. What are the prime factors of i?
17
Suppose -3*b + 91 - 28 = 0. Let j = -11 + b. What are the prime factors of j?
2, 5
Suppose 3 = l - 1. Suppose -l*x + 76 = 2*p, 2*x + x - p = 52. List the prime factors of x.
2, 3
Let b be -1*(-2)/(-4)*10. Let x be b/(-10) - 18/4. What are the prime factors of (x/(-3) + 2)*3?
2, 5
Let s(n) = 5*n - 5. Let i(f) = f + 4. Let p be i(0). List the prime factors of s(p).
3, 5
Suppose m = -2*m + 114. Suppose -5*z + 121 = -4*r, -z - z - r = -m. List the prime factors of (-6)/z - (-242)/14.
17
Let b = -9 + -3. What are the prime factors of (b/(-16))/(1/12)?
3
Let j = -11 + 15. Let m be (17/2)/(1/j). What are the prime factors of (-4)/(-18) + m/9?
2
Let m(z) = 15*z. What are the prime factors of m(7)?
3, 5, 7
Suppose 2*v = 3*g - 2*g + 1, 4*v + g - 17 = 0. What are the prime factors of 0/(9/v) - -37?
37
Let g(v) = 9*v + 1. Suppose -22 = -2*c - 2*n, 4*c - n - 16 - 3 = 0. Let x be (3/c)/((-2)/(-4)). List the prime factors of g(x).
2, 5
Let y be (-24)/(-5) + (-2)/(-10). Let g(s) = s**2 - 7*s + 5. Let l be g(y). Let k(q) = -q**2 - 7*q. What are the prime factors of k(l)?
2, 5
Suppose 7*f - 65 = 2*f. List the prime factors of f.
13
Let y(o) = -4*o - 2. List the prime factors of y(-14).
2, 3
Let o(p) = -5*p**3 - 15*p**2 + 11*p - 1. Let u(v) = 6*v**3 + 16*v**2 - 12*v + 1. Let j(i) = 5*o(i) + 4*u(i). What are the prime factors of j(-12)?
59
Let r = -18 - -32. Suppose -3*j - 7 - r = -2*g, j - 27 = -5*g. Suppose -4*v + 2 + g = 0. What are the prime factors of v?
2
Let w be (-195)/(1 + 0) + 2. Let d = -108 - w. Suppose -u + 2*i + 17 = 4*i, -d = -5*u + i. List the prime factors of u.
17
Suppose -4 = -2*h - 0. Suppose -h - 2 = -z. Suppose z*q = q - 3*n + 30, 3*n = 12. What are the prime factors of q?
2, 3
What are the prime factors of (-246)/(-2) - (8 - 9)?
2, 31
List the prime factors of (-1)/(-2) + ((-126)/(-12) - 7).
2
Suppose 547 = 5*g - i, -4*g + 3*g = 3*i - 119. Let s = g + -76. What are the prime factors of s?
2, 17
Let g(o) = -o**2 - 3*o + 2. Let d be g(-3). Let x be -5 + 1 - -9 - 2. Suppose 0*a - 9 = -x*a, -d*a + 56 = 5*m. List the prime factors of m.
2, 5
Suppose -5*n + 14 = -1. Let x = 3 + n. List the prime factors of x.
2, 3
Let l(b) = b**3 - b**2 - 88. Let a be l(0). Let r be a/5 - 6/15. List the prime factors of 6/27 - 50/r.
3
Suppose -5*x - 98 = 192. Let g be (-3)/15 - x/(-10). Let p = -4 - g. List the prime factors of p.
2
Suppose -4*i + 89 = -3*w, w + 42 = 3*i - 21. Suppose i = 3*z + 2*z. List the prime factors of z.
2
Suppose 8 = -4*w + 108. Let i = w - 14. What are the prime factors of i?
11
Let b(g) = -6*g - 10. Suppose -t - 9 = 2. Let y(o) = o + 2. Let s(h) = t*y(h) - 2*b(h). What are the prime factors of s(7)?
5
Let f = 333 - 203. What are the prime factors of f?
2, 5, 13
Let c(u) = 4*u - 6. Let n be c(5). Let m = -10 + n. List the prime factors of m.
2
What are the prime factors of 8/4 + (33 - 5)?
2, 3, 5
Let s(d) = d**2 + 3*d + 3. What are the prime factors of s(-4)?
7
Let a(q) = 8*q. Let h be a(1). Suppose -3*t - 3 = 3*c, -2*c = 2*t - 4*c - 14. Suppose w + 2*m + t*m = 2, -w + h = -m. List the prime factors of w.
7
List the prime factors of (-3)/(-9)*1*387.
3, 43
List the prime factors of 63/5*(-100)/(-30).
2, 3, 7
Let x be 1 - 31 - (-1 + 1). List the prime factors of 3 + (1 - x) - -3.
37
Suppose 0 = 4*q + 4*v - 316, 3*q - 393 = -2*q - 4*v. List the prime factors of q.
7, 11
Suppose 0 = -0*v + 3*v - 102. List the prime factors of v.
2, 17
Let n = 8 + -2. Suppose 0 = 5*p + n*v - 2*v - 10, -5*p + 2*v = -40. List the prime factors of 3/p + 26/4.
7
List the prime factors of 57 - -1 - (-5 - -3).
2, 3, 5
Suppose 5*n + 3*i = -i + 214, n = i + 50. List the prime factors of n.
2, 23
What are the prime factors of (-3)/((-15)/352) + 140/(-350)?
2, 5, 7
Suppose 0*r - 5*g + 6 = -r, 0 = -5*g + 25. Let c(d) = d**2 - 6*d + 6. Let w be c(6). Let i = r - w. List the prime factors of i.
13
Let k(w) = -w**2 - 11*w - 11. Let a(y) = y. Let z be a(-8). What are the prime factors of k(z)?
13
Suppose 14*t - 9*t = 225. What are the prime factors of t?
3, 5
Let l(a) = 3*a - 18. Suppose 3*x - b - 31 = 0, -8 = 3*x - 4*b - 51. What are the prime factors of l(x)?
3
Let g(v) = v**3 - 6*v**2 + 3*v - 2. Let k(q) = -6*q. Let d be k(-1). List the prime factors of g(d).
2
Let i(d) = 2*d - 12. Let m be i(8). Suppose h + 24 = m*h. List the prime factors of h.
2
Suppose j + 1 = r + 5, -3*r - 4*j + 9 = 0. Let l(w) = -5*w - 1. What are the prime factors of l(r)?
2
Let m be (6/2)/3*-23. Let a = m + 36. List the prime factors of a.
13
Let w(z) = -4*z + 5*z + 0*z + z**3 + 2 - z**2 + 0*z**3. List the prime factors of w(2).
2
Let d be -6 + (0 - (-1 + 1)). Let u(y) be the first derivative of -y**2 + 6*y - 4. What are the prime factors of u(d)?
2, 3
Suppose 1507 = 5*k + 97. List the prime factors of k.
2, 3, 47
Let a = 48 - 15. Suppose r = -3*p + 12, 3*r + 5*p - a = 7. Let f = r - 11. List the prime factors of f.
2
Let j(k) = 5*k + 16. What are the prime factors of j(16)?
2, 3
Let c be ((-80)/12 - 2)*-18. Suppose -c = -5*k - 1. What are the prime factors of k?
31
Let h be 3/2*(-120)/18. Let z = 17 + h. What are the prime factors of z?
7
Suppose -4*y + 2*n = 72, 2*y + 3*n - 3 + 55 = 0. Let d = y + 47. List the prime factors of d.
3
What are the prime factors of 10/15*((-1263)/2)/(-1)?
421
Let j(k) = -2*k**2 + 7*k + 0*k**2 - 9*k - 2*k**3. List the prime factors of j(-2).
2, 3
Suppose 2*r + r = -5*x + 57, -6 = -2*x + 3*r. Suppose x = -2*d + 3*d. What are the prime factors of d?
3
Let s(c) = -c**2 - 8*c - 5. Let z be 4/10 + 86/10. Suppose 0 = 2*v + 5*k + 27, -3*v = -4*k + k + z. List the prime factors of s(v).
7
What are the prime factors of (11/(-11))/((-1462)/730 - -2)?
5, 73
Let o(u) = 2*u + 1. Let i be o(2). Let q = 16 - i. List the prime factors of q.
11
Let r(z) = 4*z**3 + 3*z + 6. Let a(n) = 3*n**3 + n**2 + 3*n + 5. Let x(o) = 5*a(o) - 4*r(o). Suppose 2 + 3 = b. List the prime factors of x(b).
2
Let z(w) = 5*w**2 - 2*w + 3. What are the prime factors of z(3)?
2, 3, 7
Let h = -8 + 8. Suppose h = -2*r + 7*r - 85. What are the prime factors of r?
17
Let w(o) = 23*o + 2. Let x(r) = 93*r + 9. Let l(f) = -9*w(f) + 2*x(f). Let d be l(2). List the prime factors of d/(-4) - 1/2.
2, 5
Let z be (-21)/(-14)*(-4)/(-3). Suppose -3*h - 11 = a, -3*a = z*a - 4*h - 40. Let l = a - 0. List the prime factors of l.
2
Let b(t) = t**3 + 7*t**2 + 5*t - 2. Let k be b(-5). Let r = 46 - k. What are the prime factors of r?
23
Suppose 0*p = 2*p - 18. Let y(z) = z**3 - 8*z**2 - 10*z + 5. Let k be y(p). List the prime factors of (1 + -3)/4*k.
2
Let n(z) be the first derivative of z**4/4 + 7*z**3/3 + 3*z**2/2 + 5*z + 2. List the prime factors of n(-3).
2
Let j(z) = 6*z**2 + 8*z - 3. What are the prime factors of j(3)?
3, 5
Let g = -25 - -15. Suppose 2 = k + 4. What are the prime factors of g/3*3/k?
5
Suppose 48*i + 530 = 53*i. List the prime factors of i.
2, 53
Let z(b) = -b**3 + 6*b**2 + 2. Let o be 7/1 + -1*1. Let x be z(o). Suppose 0 = -g - x*g + 12. What are the prime factors of g?
2
Let t(n) = n**3 - 8*n**2 + 9*n + 8. Suppose -21 = -v - 2*v. What are the prime factors of t(v)?
2, 11
Suppose 0 = -4*y + 5 - 1. What are the prime factors of -1 - (3 - 14)*y?
2, 5
Suppose 9 = 5*p - 51. Suppose -4 = -a + p. What are the prime factors of a?
2
Let a(y) = -y**3 + 10*y**2 - 6*y + 6. What are the prime factors of a(9)?
3, 11
Let j be (33/9)/((-2)/6). Let b = j + 25. What are the prime factors of b?
2, 7
Suppose 0 = 2*w + 11 + 1. What are the prime factors of (2 + 20/w)*-18?
2, 3
What are the prime factors of 2/(-8) + (-964)/(-16)?
2, 3, 5
What are the prime factors of (4 - (-4 + 8)) + 51?
3, 17
Suppose -3*x + 6 = -4*x. Let q = 19 + x. List the prime factors of q.
13
Suppose 16 = 4*w, 3*w - 12 = -2*g + 2*w. Suppose 0*u = 4*i - 3*u + 10, -3*i - 11 = -g*u. What are the prime factors of ((-3)/(9/15))/i?
5
Let q be 40/18 - 12/